v + m. What is the greatest common divisor of 23 and v?
23
Suppose -11038 = -220*i - 88*i + 27770. Calculate the greatest common factor of i and 2196.
18
Suppose -72 = -2*n - 5*f, 2*n - 6*n - 2*f = -144. Let a = n - 21. Let c be (12 - -2)*750/175. What is the highest common factor of c and a?
15
Let i = -202 - -581. Let x = -229 + i. Calculate the highest common divisor of 6 and x.
6
Let b(j) = -j**3 + 26*j**2 + 37*j - 190. Let m be b(27). Calculate the greatest common factor of m and 740.
20
Suppose -4*w + y - 290 = -7*w, 0 = 2*w + 2*y - 196. What is the greatest common divisor of 40 and w?
8
Suppose 19*z + 205 = 24*z. Suppose y + y = -w + z, -3*y + 4*w + 89 = 0. Calculate the highest common divisor of y and 161.
23
Suppose f = 3, 87 + 498 = 2*q - 3*f. Calculate the highest common divisor of 143 and q.
11
Suppose 0 = 3*h + 2*v - 434 - 49, -2*h - 4*v = -322. Calculate the greatest common factor of h and 84.
7
Let n(k) = -36*k + 18. Let m be n(-4). Let y = 204 - m. What is the greatest common divisor of y and 28?
14
Let b(a) = a**2 + 8*a + 10. Let r be b(-7). Suppose 3*q + 3*h = 173 - 68, -q + r*h + 23 = 0. Calculate the greatest common divisor of 32 and q.
32
Suppose -44 = 27*u - 5*u. Let v be (1935/43)/((-5)/u + -1). What is the greatest common divisor of v and 35?
5
Suppose 5*o - 19 = 5*h - 44, -3*o - 1 = -h. What is the greatest common divisor of h and 413?
7
Let w be (-1166)/(-110) - (-1 + 16/10). What is the greatest common divisor of w and 335?
5
Let k = -9724 + 9814. Let l be (6 + -1)/((-2)/(-54)). Calculate the highest common divisor of k and l.
45
Let k(w) be the first derivative of w**4/2 - 11*w**3/3 - w**2 - 10*w + 81. Let u be k(7). What is the highest common factor of 82 and u?
41
Let g = -5633 - -5643. What is the highest common divisor of 690 and g?
10
Suppose -1678 = -4*i + 10. Let q = -314 + i. Let c be 1*7*(-36)/(-21). What is the greatest common divisor of q and c?
12
Let g(m) = -m**3 - 3*m**2 - 5*m - 7. Suppose -14*s + 6 = -13*s. Suppose -8*w + 6*w = s. Let j be g(w). What is the highest common factor of 12 and j?
4
Suppose 0 = 33*z - 276 + 45. Calculate the greatest common factor of z and 36.
1
Let g = 26 + -17. Let c(f) = -2*f**3 + 120*f**2 + 386*f - 492. Let l be c(63). What is the highest common factor of l and g?
3
Let o be (-640)/(-14) + 4 + (-4)/(-14). Let d = o + -58. Let h be 2*(-129)/(-6) + (-11 - d). Calculate the highest common factor of 8 and h.
8
Let m be 4695/10 + 2 + (-28)/8. Suppose m = -14*f + 27*f. What is the greatest common factor of f and 156?
12
Let r be 91 + (-15)/165*11. What is the highest common divisor of 1557 and r?
9
Let o = 205 - 202. Suppose -o*q - q = 3*k - 1196, q - 4*k = 280. What is the greatest common factor of 8 and q?
8
Suppose -4*q = -47 + 63. Let v be (-20)/q + (3 - 9) + 5. What is the highest common divisor of v and 34?
2
Let s be (5 - (10 - 5))/2 - -18. Let r be (s - 0)*((-456)/(-9))/8. What is the greatest common divisor of 24 and r?
6
Let o = 152 + -142. Let i(w) = w**3 - 9*w**2 - 5*w - 45. Let u be i(o). What is the highest common factor of u and 225?
5
Let l(n) = 18*n**2 - 8*n - 80. Let c be l(-6). What is the highest common factor of 396 and c?
44
Suppose -3*l + 3*v + 103 = -218, -2*l + v = -212. Calculate the highest common divisor of 567 and l.
21
Let k = 7667 + -7446. What is the greatest common factor of 169 and k?
13
Let c = -47 - -82. Let h = c - 33. Suppose s + 4 = -s, h*s + 48 = 2*q. What is the greatest common factor of 88 and q?
22
Suppose 6 = -3*j, -433*j - 96 = -4*g - 431*j. What is the greatest common divisor of 3151 and g?
23
Let b = 216 - 51. Let y be (88 - -2)*66/198. What is the greatest common divisor of y and b?
15
Let h = -18 - -20. Suppose q - h*a = -3*a - 2, 2*a = 8. Let s be (56 + -1)/((-2)/q). Calculate the greatest common factor of s and 15.
15
Suppose 4*a - 2*k + 162 = 0, -2*a + 12*k - 84 = 10*k. Let x(j) = j**3 + 38*j**2 - 40*j - 33. Let f be x(a). Calculate the greatest common factor of f and 15.
3
Let y(n) = n**3 + 15*n**2 - 18*n - 36. Let z be 270/(-25) - 4/20. Let g be y(z). Calculate the greatest common divisor of 34 and g.
34
Suppose -11*n = -3*n - 32. Suppose 4*a + 5*o - 519 = 0, -n*a + 4*o + 199 = -365. What is the greatest common factor of a and 17?
17
Let b = 115 - -503. Calculate the greatest common divisor of b and 24.
6
Suppose -84*w - 90*w + 1099680 = 0. Calculate the greatest common divisor of w and 60.
20
Let w = 2 + 19. Suppose -256 - 164 = -h. Let a = h - 189. What is the highest common factor of a and w?
21
Suppose 1641*d - 4541 + 13585 = 1658*d. What is the highest common divisor of d and 836?
76
Let p(b) = 2*b + 15. Let i be p(11). Suppose -5 = -5*q + f + i, -2*q = f - 14. Let l be (42/15)/((-2)/(-40)). Calculate the highest common factor of l and q.
8
Suppose 4*p = -27 - 1. Let z be (6*2/(-7))/(5/140). Let x be z/p*35/5. Calculate the highest common factor of x and 8.
8
Suppose -32*z + 29*z + 39 = 0. Suppose -z + 1 = -4*b. What is the greatest common factor of 2 and b?
1
Let x be -3*((-184016)/21 + 14)*1/2. What is the greatest common factor of 11 and x?
11
Let v = -45 + 47. Let z(r) = -5*r**3 + 3*r**2 + 2*r + 2. Let i be z(-2). What is the highest common divisor of i and v?
2
Suppose 4*i + 1191 = 5*l, 9*i = 4*l + 7*i - 960. What is the highest common factor of 9 and l?
9
Let v(y) = -305*y**3 - y**2 + 12*y + 13. Let s be v(-1). Calculate the greatest common factor of 5 and s.
5
Let h(m) = -28*m**2 + 64. Let w be h(0). What is the greatest common divisor of w and 416?
32
Suppose b + 4*b = 70. Suppose b = 4*w - 22. Calculate the greatest common divisor of w and 144.
9
Let d be -3*1 + (7 - (2 + -41)). Suppose 2*p - d = 89. What is the greatest common factor of 22 and p?
22
Let y = -1379 + 1489. What is the greatest common divisor of y and 5016?
22
Suppose 0 = -5*q - 5*a + 1160, -3*q - 2*a = 42 - 743. What is the greatest common factor of 3713 and q?
79
Suppose -51 = 11*y + 26. Let g(o) = -9*o + 29. Let u be g(y). Let h = -83 + u. Calculate the highest common factor of h and 63.
9
Suppose 0 = 6*r - 384 - 372. Calculate the highest common factor of r and 434.
14
Suppose 29*k - 165787 = -2*k + 3008. What is the highest common divisor of 11 and k?
11
Let b(d) = 0*d - d - d - 9. Let l be b(-7). Suppose -5*y = z - 29, -41 = -5*y - 2*z - 2*z. Calculate the highest common divisor of y and l.
5
Let o(i) be the first derivative of 20 + 10*i + 5/2*i**2 + 1/3*i**3. Let b be o(-7). What is the greatest common factor of b and 12?
12
Let s(t) = -73*t**3 + 10*t**2 + 23*t + 14. Let j be s(-1). What is the highest common divisor of j and 2368?
74
Suppose -119*b + 171772 + 32155 = 22333. Calculate the highest common factor of 56 and b.
14
Suppose 8*x = 13*x + y - 61, 2 = 2*y. Suppose 9*k - 14 = 2*k. Suppose 0 = -2*m - k*f + x, -2*f + 4 = m - 3. Calculate the highest common divisor of 65 and m.
5
Let h = 33 + -33. Suppose h*f = -10*f + 40. Suppose f*a + 2*q + 0*q - 22 = 0, -2*a + 4*q = -6. Calculate the highest common factor of a and 15.
5
Let v(i) = i**3 + 6*i**2 + 2*i + 1. Let q be v(-5). Suppose -b = q - 36. Suppose 31*a = 29*a + b. Calculate the highest common divisor of a and 25.
5
Suppose 222 = 18*y + 78. Let q be 2/(-4)*(-1 - (y - -3)). What is the highest common divisor of 21 and q?
3
Let y = 404 - 235. Let o = 188 - y. Let n = -4 + 80. Calculate the greatest common factor of n and o.
19
Suppose 4*c - 16 = 0, c = -5*i + 16 - 102. Let h = -29 - i. Let l = h - -36. What is the greatest common divisor of 200 and l?
25
Suppose v = -6*v + 49. Let b be 1 + 0 - (-44 + v). Let l = b + -30. Calculate the highest common divisor of l and 32.
8
Suppose 9*u - 28*u = -29070. Suppose u = 26*i - 9*i. Calculate the highest common divisor of 135 and i.
45
Suppose -2*k + 4*l = 40, 5*l = k + 16 + 10. Let n(f) = f**2 + 18*f + 35. Let j be n(k). Calculate the highest common factor of 2 and j.
1
Suppose 0 = -2*u + 10*u - 776. Let b = -85 + u. What is the highest common divisor of b and 36?
12
Let o = -18 + 21. Let a be 8*(13 + o)/4. Let v(c) = -18*c + 6. Let f be v(-5). What is the greatest common divisor of a and f?
32
Suppose -20*q = -21*q + 149. Suppose -20*w = -331 - q. What is the greatest common factor of 54 and w?
6
Suppose 5*s = -0*s + 110. Suppose 17*y